 13*r. Determine a(6).
12
Suppose -4*j + x = -25, 0*j = -2*j + 5*x + 35. Let s(c) = j - 345*c**2 + 347*c**2 - c + 3*c. Let z(l) = 3*l**2 + l + 6. Let n(b) = -4*s(b) + 3*z(b). Give n(4).
-6
Let d(o) = -11*o**2 - 24*o - 4. Let y(q) = 31*q**2 + 67*q + 11. Let n(u) = 17*d(u) + 6*y(u). Suppose 0 = -a - 3*a - 24. Give n(a).
-2
Let c(h) be the second derivative of h**5/20 + 5*h**4/12 - 5*h**3/2 - h**2 + 3*h + 11. Give c(-7).
5
Suppose -2*w = 3*w - 25. Let r(x) = 39*x + 587. Let v be r(-15). Suppose v*u - 3 = -w. Let n(d) = -10*d**3 + d + 1. Calculate n(u).
10
Suppose 0 = 2*z + 6, -2*h - 6 = z + z. Let m(u) = -116 + 342 - 115 - 2*u - 112. Calculate m(h).
-1
Let u(p) be the third derivative of 7/24*p**4 + 0*p - 2/3*p**3 + 0 - 1/30*p**5 + 11*p**2. What is u(6)?
-34
Let f = 1 + 1. Let b(c) = -48*c - 33. Let j(y) = 3*y + 2. Let w(d) = 2*d**3 - 3*d**2 + 3*d - 3. Let t be w(3). Let p(n) = f*b(n) + t*j(n). Determine p(2).
6
Suppose -15*o + 79 - 19 = 0. Let l(d) = 3*d**2 - 5 + 135*d**3 - 136*d**3 + 0*d**2 - d. Calculate l(o).
-25
Suppose 2*g + k = 11, 2*k - 8 = -g + k. Suppose 0 = -5*p + g + 17. Let y(c) = c - 1. Let q(z) = 4*z. Let n(v) = -q(v) + 6*y(v). Determine n(p).
2
Let f(v) be the third derivative of v + 1/60*v**5 + 0 - 1/24*v**4 - 22*v**2 - 1/6*v**3. Determine f(-1).
1
Let f(s) = s**2 + 28*s - 23. Let b(n) = -182*n + 335. Let x be b(2). Give f(x).
6
Let b(n) = -10*n - 204. Let h be b(-21). Let i(f) = -f**3 + 6*f**2 + 2*f + 2. Give i(h).
14
Let q(h) be the second derivative of -h**4/12 + h**3/6 - 9*h**2 - h + 265. Let f be 26/(-143) + 2/11. Calculate q(f).
-18
Let w(p) = 287*p**2 + 18*p + 4. Let b(g) = -503*g**2 - 34*g - 8. Let u(x) = 4*b(x) + 7*w(x). Determine u(5).
-129
Let v(j) = -13*j + 18. Let h = 5180 + -5176. Calculate v(h).
-34
Let u(v) = -15*v**2 + 7*v - 9. Let m(k) = -26*k**2 + 12*k - 23. Let h(x) = 4*m(x) - 7*u(x). Determine h(0).
-29
Let o(r) = r**2 + 4*r + 2. Let l(p) = -p**3 - 9*p**2 - 21*p - 2. Let f be l(-5). Suppose -4*h - 11 - f = u, -5*u + 3*h - 1 = 0. Calculate o(u).
-2
Let k(y) be the first derivative of -21*y**2/2 - 55*y + 6177. Determine k(-3).
8
Let b(u) be the first derivative of -u**4/4 - 10*u**3/3 - 10*u**2 - 32*u + 3976. Calculate b(-8).
0
Let p be 48/(-20) - 4/(-10). Let c(o) = -3*o**3 - 11519048*o + 11519051*o + 2*o**2 + 1 + 1. What is c(p)?
28
Let h(y) be the first derivative of -y**4/4 - 4*y**3/3 - 5*y**2/2 - 2*y - 1141. Give h(-2).
0
Let x(z) = -z**3 - 14*z**2 - 12*z + 3. Let i = -167 + 164. Let h be (i/9)/(14/546). Determine x(h).
-10
Let u(n) = -n**3 - 5*n**2 + 5*n - 4. Let y be u(-6). Let q(v) be the third derivative of v**6/60 + v**5/60 + v**4/12 + v**3/6 + 32141*v**2. Calculate q(y).
25
Let s(h) be the third derivative of -h**6/120 + 3*h**5/20 + 3*h**4/4 + 23*h**3/6 - 18*h**2 - 47. What is s(11)?
-21
Let d(z) = 5*z - 59. Suppose -127*r - 28 = -4*t - 123*r, -2*t + 3*r = -8. Give d(t).
6
Let k(j) be the first derivative of j**4/4 - j**3/3 - 6*j + 2. Let c = 10 + -5. Let x(z) = 5*z - 25. Let y be x(c). Give k(y).
-6
Let c(z) = -z**3 + 8*z**2 - z - 12. Let j(x) = x**3 - 84*x**2 - 441*x - 348. Let r be j(89). Calculate c(r).
-20
Let x(o) = -o + 19. Let d = 703 - 698. Suppose -s + 6 = -j, -12*s - d*j + 33 = -10*s. Calculate x(s).
10
Suppose b + 9*b = 7*b. Let o(w) = -w - 6. Determine o(b).
-6
Let g(a) = 17*a**2 - 14*a + 5. Let j(t) = -30*t**2 + 22*t - 12. Let h(i) = -7*g(i) - 4*j(i). What is h(-9)?
4
Suppose -n - 7 = 3*f, -3 = 3*n - 18. Let h be 1/1 + f + 2 - -7. Let p(b) = -b**3 + 7*b**2 - 4*b + 6. Determine p(h).
18
Suppose 0 = -3*u - w + 7, -3*u + 7 = -4*u - 5*w. Let p(z) = z**2 + 2 - 4*z + u*z - 2 - 3. Let x = 2366 + -2366. Determine p(x).
-3
Let x(z) = -z**3 + 19*z**2 + 41*z + 17. Suppose -46 = -2*y + 2*i - 6*i, -3*y + 58 = -5*i. Give x(y).
-4
Let f(x) = -6*x**2 - 3*x - 1. Suppose -y - t - 9 = -5, -2*y + 4 = -t. Suppose -6 = 5*v + 29*m - 28*m, y = -v + 2*m - 10. Determine f(v).
-19
Let f(t) = -4*t - 2. Let j be f(-2). Let o(g) = g**2 + j*g - 11*g + 13*g + 4. Let b = -28 + 21. Determine o(b).
-3
Let h(m) = 2*m - 7. Let t be h(6). Let o(d) be the third derivative of d**2 - 1/120*d**6 + 1/3*d**4 - 5/6*d**3 + 1/15*d**5 + 0*d + 0. What is o(t)?
10
Let p(y) = 6*y - 7. Let r be 6/12*(-3 - 3). Let x(d) = 11*d - 13. Let f(v) = r*x(v) + 5*p(v). Let m = -2 + 6. Calculate f(m).
-8
Let y(m) = 2*m**2 - 13*m + 7. Let o(t) = -6*t + 0*t**2 - t**2 + 118 + 34 + 19 - 3*t. Let q be o(9). Give y(q).
52
Let k be (-3)/(-2)*(-48)/144*14*-1. Let y(x) = -3*x**2 + 22*x - 3. What is y(k)?
4
Let h(u) = -6*u - 3. Let a(o) = 11*o - 354. Let t(r) = -a(r) - 6*h(r). Calculate t(-15).
-3
Let r be 1/(4/3 + -18 + 17). Let w be 0/r + 0 + 5. Let b be (w - (-57)/(-15))*5. Let g(c) = c + 7. Give g(b).
13
Suppose l + 31 = -31. Let v = 67 + l. Let u(y) = 2*y**2 - 8*y + 5. Determine u(v).
15
Let c be 4/(-12) + (-7)/(-3). Let z = 32 - 17. Let l(x) = 14*x + z*x - 27*x. Determine l(c).
4
Let s be (-66)/(-176) + (-756)/(-288). Let v(m) = 0 - 5*m + 3 - 1. Determine v(s).
-13
Suppose -107*h + 1308 = -15*h + 480. Let x(k) = -2*k**2 + 19*k - 9. Determine x(h).
0
Let p(c) = -c**3 - c**2 + c. Let t(s) = -s**2 - 2*s - 1. Let w(q) = -8*q**2 - 30*q - 33. Let n(g) = 6*t(g) - w(g). Let d be n(-7). Give p(d).
-1
Suppose -21765*q = -21753*q - 192. Let j(v) = 2*v**3 - 32*v**2 - 2*v + 38. Determine j(q).
6
Let r(s) = -s**3 + 27*s**2 - 29*s + 74. Let c be r(26). Let d(b) = b + 18. Determine d(c).
14
Let d(q) = -q**2 - 5*q - 1. Let j = 115 - 115. Suppose j = 3*a - 6*a - 2*o - 7, -3*a - o - 8 = 0. Determine d(a).
5
Suppose -3*f = 20 + 16. Let h(a) = -a**3 - 13*a**2 - 11*a + 15. Let z be h(f). Let n(b) = 5*b**2 - 3 + b**3 + 7 - z - 2. Determine n(-5).
-1
Let a(y) = -2*y + 74. Let u be a(36). Let m(p) = -p**3 + u - 6 + p - 1 + 4 - 5*p + 5*p**2. Give m(3).
5
Suppose -28 = 3*b + 2*l + 21, -41 = 3*b - 2*l. Let t be 20/25 - (138/b + 0). Let a(c) = -c**2 + 12*c - 15. Give a(t).
5
Suppose 369*d - 374*d = -10. Suppose 3*o + d*s + 4 = 0, -5*o + 4*s - 24 = -10. Let a(w) = -w**3 - 3*w**2 + 2*w + 4. Determine a(o).
-4
Let s(h) = 7*h + 3. Let o(c) = -c**3 + 11*c**2 - 12*c + 16. Let d(q) = 14*q - 32. Let a be d(3). Let l be o(a). Calculate s(l).
-25
Let l(d) = -62 + 4*d**3 - 9*d - 487*d**2 - 5*d**3 + 501*d**2. Give l(13).
-10
Suppose 0 = y - b + 10, -495*y + 494*y - 20 = -3*b. Let i(j) = 2 + j + 0*j - 3*j. Calculate i(y).
12
Let x(a) be the first derivative of -1/12*a**4 + 0*a**3 + 1/2*a**2 - 9/10*a**5 - 2*a - 5. Let z(n) be the first derivative of x(n). Determine z(1).
-18
Suppose 72 - 114 = 3*t. Let q(r) = -1637*r + 1635*r - 1 - 12. Determine q(t).
15
Suppose 6*b - 46 + 10 = 0. Let m(p) = -7*p + 40. Let z be m(b). Let h(c) = 8*c + 3. What is h(z)?
-13
Let p(o) = -o**3 + 16*o**2 + 17*o + 12. Suppose 22*b - 7*b - 255 = 0. Determine p(b).
12
Let l(g) be the first derivative of -g**5/120 - g**4/24 + 11*g**3/3 - 2*g + 81. Let x(z) be the third derivative of l(z). Suppose 2 - 8 = -2*o. Calculate x(o).
-4
Let g(t) = 2 + 5*t + 7*t**2 + 14*t - 14*t. Let r(o) = -15*o**2 - 9*o - 5. Let c(p) = 13*g(p) + 6*r(p). Calculate c(-6).
-34
Let l(a) be the second derivative of -a**5/60 + a**4/12 - a**3/3 - 74*a**2 - 46*a - 2. Let f(p) be the first derivative of l(p). Calculate f(4).
-10
Let b(i) = -71*i**2 + 10*i - 19. Let w(r) = 30*r**2 - 5*r + 8. Let c(a) = -4*b(a) - 9*w(a). What is c(-2)?
50
Let r(o) = -o - 3 + 2*o + o. Let y = 10369 - 10372. Determine r(y).
-9
Let v = 65 + -64. Suppose 5*a = v + 64. Let d(r) = 3 - 1 + a*r**3 + 0 - 2*r**2 - 12*r**3. What is d(2)?
2
Let h(r) = -115*r - 119*r + 25 - 123*r + 360*r. What is h(-4)?
13
Suppose -6783*o = -6695*o + 176. Let m(u) = -u + 3. Let a(q) = 2*q - 4. Let y(x) = 5*a(x) + 8*m(x). What is y(o)?
0
Let u(g) = -g**2 - 4*g + 5. Suppose -k - 4*q + 2 = 12, 13 = 2*k - 3*q. Let z(i) = 5*i - i**2 + 0*i + k*i**2 - 4. Let s(v) = -4*u(v) - 3*z(v). Calculate s(0).
-8
Let p be (4/(-24) - (-11)/22)*-6. Let g(b) = 4*b**2 + 9*b + 1. Let w(i) = -5*i**2 - 7*i - 1. Let u(l) = 4*g(l) + 5*w(l). What is u(p)?
-39
Let b(v) = 5*v**3 + 5*v**2 - 95. Let g(o) = 5*o**3 + 4*o**2 - 94. Let y(h) = -4*b(h) + 5*g(h). Let r(p) be the first derivative of y(p). Give r(-1).
15
Let q(k) = -3*k**3 + 7*k**2 + 3. Let h(u) be the third derivative of u**6/30 - 2*u**5/15 - u**3/2 - 10*u**2. Let j(t) = -